{"id":25,"date":"2024-08-09T18:20:53","date_gmt":"2024-08-09T16:20:53","guid":{"rendered":"https:\/\/www.chassieu-athle.fr\/wordpress\/?page_id=25"},"modified":"2025-05-27T22:13:44","modified_gmt":"2025-05-27T20:13:44","slug":"meeting-des-abeilles","status":"publish","type":"page","link":"https:\/\/www.chassieu-athle.fr\/wordpress\/index.php\/meeting-des-abeilles\/","title":{"rendered":"Meeting des abeilles"},"content":{"rendered":"\n<p>Edition 2025<\/p>\n\n\n\n<p>Date : Mercredi 11 juin 2025<\/p>\n\n\n\n<p>Lieu : Complexe Romain Tisserand \u00e0 Chassieu<\/p>\n\n\n\n<h2 class=\"wp-block-heading\">Le programme<\/h2>\n\n\n<div class=\"wp-block-image\">\n<figure class=\"aligncenter size-full\"><img loading=\"lazy\" decoding=\"async\" width=\"415\" height=\"458\" src=\"https:\/\/www.chassieu-athle.fr\/wordpress\/wp-content\/uploads\/2025\/05\/Programme_2025_meeting-abeilles.jpg\" alt=\"\" class=\"wp-image-695\" srcset=\"https:\/\/www.chassieu-athle.fr\/wordpress\/wp-content\/uploads\/2025\/05\/Programme_2025_meeting-abeilles.jpg 415w, https:\/\/www.chassieu-athle.fr\/wordpress\/wp-content\/uploads\/2025\/05\/Programme_2025_meeting-abeilles-272x300.jpg 272w\" sizes=\"auto, (max-width: 415px) 100vw, 415px\" \/><\/figure>\n<\/div>\n\n\n<p>Pour les engagements, rendez-vous sur le site du Comit\u00e9 du Rh\u00f4ne.<\/p>\n\n\n\n<h2 class=\"wp-block-heading\">Les Partenaires du Meeting des abeilles :<\/h2>\n\n\n<div class=\"wp-block-image\">\n<figure class=\"aligncenter size-full\"><a href=\"https:\/\/www.athle.fr\/\" target=\"_blank\" rel=\"noreferrer noopener\"><img loading=\"lazy\" decoding=\"async\" width=\"150\" height=\"118\" src=\"http:\/\/www.chassieu-athle.fr\/wordpress\/wp-content\/uploads\/2024\/08\/FFA-150.jpg\" alt=\"\" class=\"wp-image-136\"\/><\/a><\/figure>\n<\/div>\n\n<div class=\"wp-block-image\">\n<figure class=\"aligncenter size-full\"><a href=\"https:\/\/athletisme-aura.fr\/\" target=\"_blank\" rel=\"noreferrer noopener\"><img loading=\"lazy\" decoding=\"async\" width=\"150\" height=\"48\" src=\"http:\/\/www.chassieu-athle.fr\/wordpress\/wp-content\/uploads\/2024\/08\/logoAURA-150.jpg\" alt=\"\" class=\"wp-image-138\"\/><\/a><\/figure>\n<\/div>\n\n<div class=\"wp-block-image\">\n<figure class=\"aligncenter size-full\"><a href=\"https:\/\/www.grandlyon.com\/\" target=\"_blank\" rel=\"noreferrer noopener\"><img loading=\"lazy\" decoding=\"async\" width=\"150\" height=\"52\" src=\"http:\/\/www.chassieu-athle.fr\/wordpress\/wp-content\/uploads\/2024\/08\/logo-grand-lyon-la-metropole-white-150.jpg\" alt=\"\" class=\"wp-image-353\"\/><\/a><\/figure>\n<\/div>\n\n<div class=\"wp-block-image\">\n<figure class=\"aligncenter size-full\"><a href=\"https:\/\/www.chassieu.fr\/\" target=\"_blank\" rel=\"noreferrer noopener\"><img loading=\"lazy\" decoding=\"async\" width=\"150\" height=\"83\" src=\"http:\/\/www.chassieu-athle.fr\/wordpress\/wp-content\/uploads\/2024\/08\/logo-mairie-chassieu-150.jpg\" alt=\"\" class=\"wp-image-142\"\/><\/a><\/figure>\n<\/div>\n\n<div class=\"wp-block-image\">\n<figure class=\"aligncenter size-full\"><a href=\"https:\/\/genas.fr\/\" target=\"_blank\" rel=\"noreferrer noopener\"><img loading=\"lazy\" decoding=\"async\" width=\"150\" height=\"97\" src=\"http:\/\/www.chassieu-athle.fr\/wordpress\/wp-content\/uploads\/2024\/08\/logo-mairie-Genas-150.jpg\" alt=\"\" class=\"wp-image-144\"\/><\/a><\/figure>\n<\/div>\n\n<div class=\"wp-block-image\">\n<figure class=\"aligncenter size-full\"><a href=\"http:\/\/rhone.athle.com\/\" target=\"_blank\" rel=\"noreferrer noopener\"><img loading=\"lazy\" decoding=\"async\" width=\"150\" height=\"104\" src=\"http:\/\/www.chassieu-athle.fr\/wordpress\/wp-content\/uploads\/2024\/08\/comiteRhone-150.jpg\" alt=\"\" class=\"wp-image-135\"\/><\/a><\/figure>\n<\/div>\n\n<div class=\"wp-block-image\">\n<figure class=\"aligncenter size-full\"><a href=\"https:\/\/www.carrefour.fr\/magasin\/market-chassieu\" target=\"_blank\" rel=\"noreferrer noopener\"><img loading=\"lazy\" decoding=\"async\" width=\"150\" height=\"145\" src=\"http:\/\/www.chassieu-athle.fr\/wordpress\/wp-content\/uploads\/2024\/08\/logo_Carrefour_petit-150-white.jpg\" alt=\"\" class=\"wp-image-313\"\/><\/a><\/figure>\n<\/div>","protected":false},"excerpt":{"rendered":"<p>Edition 2025 Date : Mercredi 11 juin 2025 Lieu : Complexe Romain Tisserand \u00e0 Chassieu Le programme Pour les engagements, rendez-vous sur le site du Comit\u00e9 du Rh\u00f4ne. Les Partenaires du Meeting des abeilles :<\/p>\n","protected":false},"author":1,"featured_media":0,"parent":0,"menu_order":0,"comment_status":"closed","ping_status":"closed","template":"","meta":{"_price":"","_stock":"","_tribe_ticket_header":"","_tribe_default_ticket_provider":"","_tribe_ticket_capacity":"0","_ticket_start_date":"","_ticket_end_date":"","_tribe_ticket_show_description":"","_tribe_ticket_show_not_going":false,"_tribe_ticket_use_global_stock":"","_tribe_ticket_global_stock_level":"","_global_stock_mode":"","_global_stock_cap":"","_tribe_rsvp_for_event":"","_tribe_ticket_going_count":"","_tribe_ticket_not_going_count":"","_tribe_tickets_list":"[]","_tribe_ticket_has_attendee_info_fields":false,"footnotes":"","_tec_slr_enabled":"","_tec_slr_layout":""},"class_list":["post-25","page","type-page","status-publish","hentry"],"ticketed":false,"_links":{"self":[{"href":"https:\/\/www.chassieu-athle.fr\/wordpress\/index.php\/wp-json\/wp\/v2\/pages\/25","targetHints":{"allow":["GET"]}}],"collection":[{"href":"https:\/\/www.chassieu-athle.fr\/wordpress\/index.php\/wp-json\/wp\/v2\/pages"}],"about":[{"href":"https:\/\/www.chassieu-athle.fr\/wordpress\/index.php\/wp-json\/wp\/v2\/types\/page"}],"author":[{"embeddable":true,"href":"https:\/\/www.chassieu-athle.fr\/wordpress\/index.php\/wp-json\/wp\/v2\/users\/1"}],"replies":[{"embeddable":true,"href":"https:\/\/www.chassieu-athle.fr\/wordpress\/index.php\/wp-json\/wp\/v2\/comments?post=25"}],"version-history":[{"count":6,"href":"https:\/\/www.chassieu-athle.fr\/wordpress\/index.php\/wp-json\/wp\/v2\/pages\/25\/revisions"}],"predecessor-version":[{"id":697,"href":"https:\/\/www.chassieu-athle.fr\/wordpress\/index.php\/wp-json\/wp\/v2\/pages\/25\/revisions\/697"}],"wp:attachment":[{"href":"https:\/\/www.chassieu-athle.fr\/wordpress\/index.php\/wp-json\/wp\/v2\/media?parent=25"}],"curies":[{"name":"wp","href":"https:\/\/api.w.org\/{rel}","templated":true}]}}