{"id":254,"date":"2024-08-10T10:43:32","date_gmt":"2024-08-10T08:43:32","guid":{"rendered":"https:\/\/www.chassieu-athle.fr\/wordpress\/?page_id=254"},"modified":"2025-10-31T11:24:10","modified_gmt":"2025-10-31T10:24:10","slug":"heure-sur-piste","status":"publish","type":"page","link":"https:\/\/www.chassieu-athle.fr\/wordpress\/index.php\/heure-sur-piste\/","title":{"rendered":"Heure sur piste"},"content":{"rendered":"<div class=\"wp-block-image\">\n<figure class=\"alignright size-full is-resized\"><img loading=\"lazy\" decoding=\"async\" width=\"630\" height=\"396\" src=\"https:\/\/www.chassieu-athle.fr\/wordpress\/wp-content\/uploads\/2025\/08\/image-2.png\" alt=\"\" class=\"wp-image-747\" style=\"width:188px;height:auto\" srcset=\"https:\/\/www.chassieu-athle.fr\/wordpress\/wp-content\/uploads\/2025\/08\/image-2.png 630w, https:\/\/www.chassieu-athle.fr\/wordpress\/wp-content\/uploads\/2025\/08\/image-2-300x189.png 300w\" sizes=\"auto, (max-width: 630px) 100vw, 630px\" \/><\/figure>\n<\/div>\n\n\n<p class=\"has-text-align-center\">Le dimanche 26 octobre 2025 <strong>MATIN <\/strong>                                                                                     au complexe Romain Tisserand \u00e0 Chassieu<\/p>\n\n\n\n<div class=\"wp-block-buttons is-layout-flex wp-block-buttons-is-layout-flex\">\n<div class=\"wp-block-button\"><a class=\"wp-block-button__link has-text-align-center wp-element-button\" href=\"https:\/\/www.helloasso.com\/associations\/225events\/evenements\/tous-en-piste-1\">LIEN INSCRIPTION<\/a><\/div>\n<\/div>\n\n\n\n<h2 class=\"wp-block-heading\">Programme<\/h2>\n\n\n\n<ul class=\"wp-block-list\">\n<li>Une heure sur piste dans laquelle l&#8217;objectif est de r\u00e9aliser le maximum de tours<\/li>\n<\/ul>\n\n\n\n<ul class=\"wp-block-list\">\n<li>5 000 m sur piste<\/li>\n<\/ul>\n\n\n\n<ul class=\"wp-block-list\">\n<li>10 000 m sur piste : c&#8217;est la version piste et officielle (pr\u00e9sente aux JO) du fameux 10km que tout le monde conna\u00eet, l&#8217;objectif est de boucler les 25 tours dans le meilleur temps<\/li>\n<\/ul>\n\n\n\n<h2 class=\"wp-block-heading\">Horaires :<\/h2>\n\n\n\n<p>9h00 heure sur piste<\/p>\n\n\n\n<p>10h15 le 10 000 m<\/p>\n\n\n\n<p>11h15 le 5 000 m<\/p>\n\n\n\n<h2 class=\"wp-block-heading\">Informations pratiques<\/h2>\n\n\n\n<p>Retrait des dossards jusqu&#8217;\u00e0 15 minutes avant le d\u00e9part de la s\u00e9rie. Buvette sur place.<\/p>\n\n\n\n<div class=\"wp-block-buttons is-layout-flex wp-block-buttons-is-layout-flex\">\n<div class=\"wp-block-button\"><a class=\"wp-block-button__link wp-element-button\" href=\"http:\/\/www.chassieu-athle.fr\/wordpress\/wp-content\/uploads\/2025\/10\/cgv_reglement-soiree-piste.pdf\">R\u00e8glement<\/a><\/div>\n<\/div>\n\n\n\n<h2 class=\"wp-block-heading\">R\u00e9sultats et Photos<\/h2>\n\n\n\n<p><\/p>\n\n\n\n<div class=\"wp-block-buttons is-layout-flex wp-block-buttons-is-layout-flex\">\n<div class=\"wp-block-button\"><a class=\"wp-block-button__link wp-element-button\" href=\"https:\/\/www.athle.fr\/bases\/liste.aspx?frmbase=resultats&amp;frmmode=1&amp;frmespace=0&amp;frmcompetition=311041\">RESULTATS 2025<\/a><\/div>\n\n\n\n<div class=\"wp-block-button\"><a class=\"wp-block-button__link wp-element-button\" href=\"https:\/\/www.chassieu-athle.fr\/wordpress\/index.php\/resultats-et-photos-heure-sur-piste\/\">Archives R\u00e9sultats et Photos<\/a><\/div>\n<\/div>\n\n\n\n<h2 class=\"wp-block-heading\">Partenaires de l&#8217;Heure sur piste :<\/h2>\n\n\n<div class=\"wp-block-image\">\n<figure class=\"aligncenter size-full\"><a href=\"https:\/\/www.chassieu.fr\/\" target=\"_blank\" rel=\"noreferrer noopener\"><img loading=\"lazy\" decoding=\"async\" width=\"150\" height=\"83\" src=\"http:\/\/www.chassieu-athle.fr\/wordpress\/wp-content\/uploads\/2024\/08\/logo-mairie-chassieu-150.jpg\" alt=\"\" class=\"wp-image-142\"\/><\/a><\/figure>\n<\/div>\n\n<div class=\"wp-block-image\">\n<figure class=\"aligncenter size-full\"><a href=\"https:\/\/genas.fr\/\" target=\"_blank\" rel=\"noreferrer noopener\"><img loading=\"lazy\" decoding=\"async\" width=\"150\" height=\"97\" src=\"http:\/\/www.chassieu-athle.fr\/wordpress\/wp-content\/uploads\/2024\/08\/logo-mairie-Genas-150.jpg\" alt=\"\" class=\"wp-image-144\"\/><\/a><\/figure>\n<\/div>\n\n<div class=\"wp-block-image\">\n<figure class=\"aligncenter size-full\"><a href=\"https:\/\/www.auvergnerhonealpes.fr\/\" target=\"_blank\" rel=\"noreferrer noopener\"><img loading=\"lazy\" decoding=\"async\" width=\"150\" height=\"35\" src=\"http:\/\/www.chassieu-athle.fr\/wordpress\/wp-content\/uploads\/2024\/08\/RegionARA-150.jpg\" alt=\"\" class=\"wp-image-141\"\/><\/a><\/figure>\n<\/div>\n\n<div class=\"wp-block-image\">\n<figure class=\"aligncenter size-full\"><a href=\"https:\/\/www.creditmutuel.fr\/home\/index.html\" target=\"_blank\" rel=\"noreferrer noopener\"><img loading=\"lazy\" decoding=\"async\" width=\"150\" height=\"59\" src=\"http:\/\/www.chassieu-athle.fr\/wordpress\/wp-content\/uploads\/2024\/08\/logo-cm-150.jpg\" alt=\"\" class=\"wp-image-317\"\/><\/a><\/figure>\n<\/div>\n\n<div class=\"wp-block-image\">\n<figure class=\"aligncenter size-full\"><a href=\"https:\/\/www.grandlyon.com\/\" target=\"_blank\" rel=\"noreferrer noopener\"><img loading=\"lazy\" decoding=\"async\" width=\"150\" height=\"52\" src=\"https:\/\/www.chassieu-athle.fr\/wordpress\/wp-content\/uploads\/2024\/08\/logo-grand-lyon-la-metropole-white-150.jpg\" alt=\"\" class=\"wp-image-353\"\/><\/a><\/figure>\n<\/div>\n\n<div class=\"wp-block-image\">\n<figure class=\"aligncenter size-full\"><a href=\"https:\/\/www.athle.fr\/\" target=\"_blank\" rel=\"noreferrer noopener\"><img loading=\"lazy\" decoding=\"async\" width=\"150\" height=\"118\" src=\"http:\/\/www.chassieu-athle.fr\/wordpress\/wp-content\/uploads\/2024\/08\/FFA-150.jpg\" alt=\"\" class=\"wp-image-136\"\/><\/a><\/figure>\n<\/div>","protected":false},"excerpt":{"rendered":"<p>Le dimanche 26 octobre 2025 MATIN au complexe Romain Tisserand \u00e0 Chassieu Programme Horaires : 9h00 heure sur piste 10h15 le 10 000 m 11h15 le 5 000 m Informations pratiques Retrait des dossards jusqu&#8217;\u00e0 15 minutes avant le d\u00e9part de la s\u00e9rie. Buvette sur place. R\u00e9sultats et Photos Partenaires de l&#8217;Heure sur piste :<\/p>\n","protected":false},"author":1,"featured_media":0,"parent":0,"menu_order":0,"comment_status":"closed","ping_status":"closed","template":"","meta":{"_price":"","_stock":"","_tribe_ticket_header":"","_tribe_default_ticket_provider":"","_tribe_ticket_capacity":"0","_ticket_start_date":"","_ticket_end_date":"","_tribe_ticket_show_description":"","_tribe_ticket_show_not_going":false,"_tribe_ticket_use_global_stock":"","_tribe_ticket_global_stock_level":"","_global_stock_mode":"","_global_stock_cap":"","_tribe_rsvp_for_event":"","_tribe_ticket_going_count":"","_tribe_ticket_not_going_count":"","_tribe_tickets_list":"[]","_tribe_ticket_has_attendee_info_fields":false,"footnotes":"","_tec_slr_enabled":"","_tec_slr_layout":""},"class_list":["post-254","page","type-page","status-publish","hentry"],"ticketed":false,"_links":{"self":[{"href":"https:\/\/www.chassieu-athle.fr\/wordpress\/index.php\/wp-json\/wp\/v2\/pages\/254","targetHints":{"allow":["GET"]}}],"collection":[{"href":"https:\/\/www.chassieu-athle.fr\/wordpress\/index.php\/wp-json\/wp\/v2\/pages"}],"about":[{"href":"https:\/\/www.chassieu-athle.fr\/wordpress\/index.php\/wp-json\/wp\/v2\/types\/page"}],"author":[{"embeddable":true,"href":"https:\/\/www.chassieu-athle.fr\/wordpress\/index.php\/wp-json\/wp\/v2\/users\/1"}],"replies":[{"embeddable":true,"href":"https:\/\/www.chassieu-athle.fr\/wordpress\/index.php\/wp-json\/wp\/v2\/comments?post=254"}],"version-history":[{"count":21,"href":"https:\/\/www.chassieu-athle.fr\/wordpress\/index.php\/wp-json\/wp\/v2\/pages\/254\/revisions"}],"predecessor-version":[{"id":773,"href":"https:\/\/www.chassieu-athle.fr\/wordpress\/index.php\/wp-json\/wp\/v2\/pages\/254\/revisions\/773"}],"wp:attachment":[{"href":"https:\/\/www.chassieu-athle.fr\/wordpress\/index.php\/wp-json\/wp\/v2\/media?parent=254"}],"curies":[{"name":"wp","href":"https:\/\/api.w.org\/{rel}","templated":true}]}}